{"id":11303,"date":"2019-02-05T17:40:46","date_gmt":"2019-02-05T17:40:46","guid":{"rendered":"https:\/\/municipalidadalhue.cl\/portal\/?page_id=11303"},"modified":"2019-03-14T18:33:59","modified_gmt":"2019-03-14T18:33:59","slug":"departamento-de-salud%ef%bb%bf","status":"publish","type":"page","link":"https:\/\/municipalidadalhue.cl\/portal\/departamento-de-salud%ef%bb%bf\/","title":{"rendered":"Departamento de Salud\ufeff"},"content":{"rendered":"\n<ul class=\"wp-block-list\"><li> <a href=\"https:\/\/municipalidadalhue.cl\/portal\/inscripcion-en-farmacia-popular\/\">Inscripcion\u00a0en\u00a0farmacia\u00a0popular<\/a>  <\/li><li>  <a href=\"https:\/\/municipalidadalhue.cl\/portal\/alimentacion-complementaria-para-el-adulto-mayor\/\">Alimentaci\u00f3n Complementaria para el Adulto Mayor <\/a><\/li><li> <a href=\"https:\/\/municipalidadalhue.cl\/portal\/atencion-por-auge\/\">Atenci\u00f3n por AUGE <\/a><\/li><li> <a href=\"https:\/\/municipalidadalhue.cl\/portal\/inscripcion-usuarios-en-centro-de-salud\/\">Inscripci\u00f3n Usuarios en Centro de Salud <\/a><\/li><li> <a href=\"https:\/\/municipalidadalhue.cl\/portal\/oficina-oirs\/\">Oficina OIRS <\/a><\/li><li> <a href=\"https:\/\/municipalidadalhue.cl\/portal\/programa-ampliado-de-inmunizaciones\/\">Programa Ampliado de Inmunizaciones <\/a><\/li><li><a href=\"https:\/\/municipalidadalhue.cl\/portal\/programa-nacional-de-alimentacion-complementaria\/\">Programa Nacional de Alimentaci\u00f3n Complementaria<\/a><\/li><li><a href=\"https:\/\/municipalidadalhue.cl\/portal\/sistema-de-proteccion-integral-a-la-infancia-chile-crece-contigo\/\">Sistema de Protecci\u00f3n Integral a la Infancia Chile Crece Contigo<\/a><\/li><\/ul>\n\n\n\n<p><\/p>\n","protected":false},"excerpt":{"rendered":"<p>Inscripcion\u00a0en\u00a0farmacia\u00a0popular Alimentaci\u00f3n Complementaria para el Adulto Mayor Atenci\u00f3n por AUGE Inscripci\u00f3n Usuarios en Centro de Salud Oficina OIRS Programa Ampliado de Inmunizaciones Programa Nacional de Alimentaci\u00f3n Complementaria Sistema de Protecci\u00f3n Integral a la Infancia Chile Crece Contigo<\/p>\n","protected":false},"author":1,"featured_media":0,"parent":0,"menu_order":0,"comment_status":"closed","ping_status":"closed","template":"","meta":{"footnotes":""},"class_list":["post-11303","page","type-page","status-publish","hentry"],"_links":{"self":[{"href":"https:\/\/municipalidadalhue.cl\/portal\/wp-json\/wp\/v2\/pages\/11303","targetHints":{"allow":["GET"]}}],"collection":[{"href":"https:\/\/municipalidadalhue.cl\/portal\/wp-json\/wp\/v2\/pages"}],"about":[{"href":"https:\/\/municipalidadalhue.cl\/portal\/wp-json\/wp\/v2\/types\/page"}],"author":[{"embeddable":true,"href":"https:\/\/municipalidadalhue.cl\/portal\/wp-json\/wp\/v2\/users\/1"}],"replies":[{"embeddable":true,"href":"https:\/\/municipalidadalhue.cl\/portal\/wp-json\/wp\/v2\/comments?post=11303"}],"version-history":[{"count":0,"href":"https:\/\/municipalidadalhue.cl\/portal\/wp-json\/wp\/v2\/pages\/11303\/revisions"}],"wp:attachment":[{"href":"https:\/\/municipalidadalhue.cl\/portal\/wp-json\/wp\/v2\/media?parent=11303"}],"curies":[{"name":"wp","href":"https:\/\/api.w.org\/{rel}","templated":true}]}}