{"id":11345,"date":"2019-02-05T18:32:46","date_gmt":"2019-02-05T18:32:46","guid":{"rendered":"https:\/\/municipalidadalhue.cl\/portal\/?page_id=11345"},"modified":"2024-02-26T19:05:15","modified_gmt":"2024-02-26T19:05:15","slug":"obtencion-permiso-de-circulacion-vehiculos-nuevos","status":"publish","type":"page","link":"https:\/\/municipalidadalhue.cl\/portal\/obtencion-permiso-de-circulacion-vehiculos-nuevos\/","title":{"rendered":"OBTENCI\u00d3N PERMISO DE CIRCULACI\u00d3N VEH\u00cdCULOS NUEVOS"},"content":{"rendered":"\r\n<p><strong>Requisitos y antecedentes:<\/strong><\/p>\r\n\r\n\r\n\r\n<ul class=\"wp-block-list\">\r\n<li>Factura de compra<\/li>\r\n<li>Permiso de circulaci\u00f3n Anterior<\/li>\r\n<li>\u00a0Inscripci\u00f3n Registro Civil<\/li>\r\n<li>Certificado de Homologaci\u00f3n o Revisi\u00f3n T\u00e9cnica seg\u00fan corresponda<\/li>\r\n<li>Soap (seguro obligatorio)<\/li>\r\n<li>Certificado de Emisi\u00f3n de Gases<\/li>\r\n<li><strong>Tr\u00e1mites en l\u00ednea: <a href=\"https:\/\/municipalidadalhueonline.cl\/pc\/portal\/\">https:\/\/municipalidadalhueonline.cl\/pc\/portal\/<\/a><\/strong><\/li>\r\n<\/ul>\r\n\r\n\r\n\r\n<p>&nbsp;<\/p>\r\n","protected":false},"excerpt":{"rendered":"<p>Requisitos y antecedentes: Factura de compra Permiso de circulaci\u00f3n Anterior \u00a0Inscripci\u00f3n Registro Civil Certificado de Homologaci\u00f3n o Revisi\u00f3n T\u00e9cnica seg\u00fan corresponda Soap (seguro obligatorio) Certificado de Emisi\u00f3n de Gases Tr\u00e1mites en l\u00ednea: https:\/\/municipalidadalhueonline.cl\/pc\/portal\/ &nbsp;<\/p>\n","protected":false},"author":1,"featured_media":0,"parent":0,"menu_order":0,"comment_status":"closed","ping_status":"closed","template":"","meta":{"footnotes":""},"class_list":["post-11345","page","type-page","status-publish","hentry"],"_links":{"self":[{"href":"https:\/\/municipalidadalhue.cl\/portal\/wp-json\/wp\/v2\/pages\/11345","targetHints":{"allow":["GET"]}}],"collection":[{"href":"https:\/\/municipalidadalhue.cl\/portal\/wp-json\/wp\/v2\/pages"}],"about":[{"href":"https:\/\/municipalidadalhue.cl\/portal\/wp-json\/wp\/v2\/types\/page"}],"author":[{"embeddable":true,"href":"https:\/\/municipalidadalhue.cl\/portal\/wp-json\/wp\/v2\/users\/1"}],"replies":[{"embeddable":true,"href":"https:\/\/municipalidadalhue.cl\/portal\/wp-json\/wp\/v2\/comments?post=11345"}],"version-history":[{"count":3,"href":"https:\/\/municipalidadalhue.cl\/portal\/wp-json\/wp\/v2\/pages\/11345\/revisions"}],"predecessor-version":[{"id":17926,"href":"https:\/\/municipalidadalhue.cl\/portal\/wp-json\/wp\/v2\/pages\/11345\/revisions\/17926"}],"wp:attachment":[{"href":"https:\/\/municipalidadalhue.cl\/portal\/wp-json\/wp\/v2\/media?parent=11345"}],"curies":[{"name":"wp","href":"https:\/\/api.w.org\/{rel}","templated":true}]}}