{"id":11361,"date":"2019-02-05T18:48:36","date_gmt":"2019-02-05T18:48:36","guid":{"rendered":"https:\/\/municipalidadalhue.cl\/portal\/?page_id=11361"},"modified":"2020-06-17T04:31:26","modified_gmt":"2020-06-17T04:31:26","slug":"pension-basica-de-invalidez","status":"publish","type":"page","link":"https:\/\/municipalidadalhue.cl\/portal\/pension-basica-de-invalidez\/","title":{"rendered":"Pensi\u00f3n B\u00e1sica Solidaria de Invalidez"},"content":{"rendered":"\n<p><strong>Requisitos y antecedentes:<\/strong><\/p>\n\n\n\n<p>Tener entre 18 y 64 a\u00f1os 11\nmeses y 29 d\u00edas de edad, haber sido declarado inv\u00e1lido por la Comisi\u00f3n Medica\nRegional, no tener derecho a una pensi\u00f3n de alg\u00fan r\u00e9gimen previsional, tener un\nporcentaje inferior al 60%.<\/p>\n\n\n\n<p>\u00ab<strong>Tr\u00e1mites en l\u00ednea<\/strong><\/p>\n\n\n\n<p>No tiene<\/p>\n\n\n\n<p><strong>Tr\u00e1mites a realizar o etapas:<\/strong><\/p>\n\n\n\n<p>Certificado m\u00e9dico que\nacredite enfermedad. Dirijise al depto social de la municipalidad para realizar\nel tr\u00e1mite.<\/p>\n\n\n\n<p><strong>Valor<\/strong><\/p>\n\n\n\n<p>Gratuito<\/p>\n\n\n\n<p><strong>Lugar donde se realiza:<\/strong><\/p>\n\n\n\n<p>Departamento Social<\/p>\n\n\n\n<p><strong>Informaci\u00f3n complementaria<\/strong><\/p>\n\n\n\n<p>correo electronico<\/p>\n\n\n\n<p>secretariasocial@comunaalhue.cl<\/p>\n\n\n\n<p>social@comunaalhue.cl<\/p>\n\n\n\n<p>HORARIO Lunes a y Viernes 8:30 a 13:00 \u2013 14: 00 a 17:30.&nbsp;<\/p>\n\n\n\n<p>FONO 977646534<\/p>\n","protected":false},"excerpt":{"rendered":"<p>Requisitos y antecedentes: Tener entre 18 y 64 a\u00f1os 11 meses y 29 d\u00edas de edad, haber sido declarado inv\u00e1lido por la Comisi\u00f3n Medica Regional, no tener derecho a una pensi\u00f3n de alg\u00fan r\u00e9gimen previsional, tener un porcentaje inferior al 60%. \u00abTr\u00e1mites en l\u00ednea No tiene Tr\u00e1mites a realizar o etapas: Certificado m\u00e9dico que acredite enfermedad. Dirijise al depto social de la municipalidad para realizar el tr\u00e1mite. Valor Gratuito Lugar donde se realiza: Departamento Social Informaci\u00f3n complementaria correo electronico secretariasocial@comunaalhue.cl social@comunaalhue.cl HORARIO Lunes a y Viernes 8:30 a 13:00 \u2013&hellip;<\/p>\n","protected":false},"author":1,"featured_media":0,"parent":0,"menu_order":0,"comment_status":"closed","ping_status":"closed","template":"","meta":{"footnotes":""},"class_list":["post-11361","page","type-page","status-publish","hentry"],"_links":{"self":[{"href":"https:\/\/municipalidadalhue.cl\/portal\/wp-json\/wp\/v2\/pages\/11361","targetHints":{"allow":["GET"]}}],"collection":[{"href":"https:\/\/municipalidadalhue.cl\/portal\/wp-json\/wp\/v2\/pages"}],"about":[{"href":"https:\/\/municipalidadalhue.cl\/portal\/wp-json\/wp\/v2\/types\/page"}],"author":[{"embeddable":true,"href":"https:\/\/municipalidadalhue.cl\/portal\/wp-json\/wp\/v2\/users\/1"}],"replies":[{"embeddable":true,"href":"https:\/\/municipalidadalhue.cl\/portal\/wp-json\/wp\/v2\/comments?post=11361"}],"version-history":[{"count":0,"href":"https:\/\/municipalidadalhue.cl\/portal\/wp-json\/wp\/v2\/pages\/11361\/revisions"}],"wp:attachment":[{"href":"https:\/\/municipalidadalhue.cl\/portal\/wp-json\/wp\/v2\/media?parent=11361"}],"curies":[{"name":"wp","href":"https:\/\/api.w.org\/{rel}","templated":true}]}}