{"id":11430,"date":"2019-02-05T19:56:42","date_gmt":"2019-02-05T19:56:42","guid":{"rendered":"https:\/\/municipalidadalhue.cl\/portal\/?page_id=11430"},"modified":"2020-06-17T04:22:29","modified_gmt":"2020-06-17T04:22:29","slug":"subsidio-unico-familiar","status":"publish","type":"page","link":"https:\/\/municipalidadalhue.cl\/portal\/subsidio-unico-familiar\/","title":{"rendered":"SUBSIDIO \u00daNICO FAMILIAR"},"content":{"rendered":"\n<p><strong>Requisitos y antecedentes:<\/strong><\/p>\n\n\n\n<p>Padres, madres o tutores legales con un hijo menor de 18 a\u00f1os y con un porcentaje del 60% en su Registro Social de Hogares.<\/p>\n\n\n\n<p><strong>Tr\u00e1mites en l\u00ednea:&nbsp;<\/strong>No tiene<\/p>\n\n\n\n<p><strong>Tr\u00e1mites a realizar o etapas:<\/strong>&nbsp;&nbsp;&nbsp;&nbsp;<\/p>\n\n\n\n<p> Solicitar certificados de nacimiento (juntar documentos solicitados) . Dirijirse al depto social de la municipalidad para realizar el tr\u00e1mite.<\/p>\n\n\n\n<p><strong>Valor:&nbsp;<\/strong>Gratis<\/p>\n\n\n\n<p><strong>Lugar donde se realiza<\/strong>: DEPARTAMENTO SOCIAL -PINTOR ONOFRE JARPA N\u00b0 55,ALHU\u00c9<strong>e<\/strong><\/p>\n\n\n\n<p><strong>Informaci\u00f3n complementaria<\/strong><\/p>\n\n\n\n<p>correo electronico<\/p>\n\n\n\n<p>secretariasocial@comunaalhue.cl<\/p>\n\n\n\n<p>social@comunaalhue.cl<\/p>\n\n\n\n<p>HORARIO Lunes a y Viernes 8:30 a 13:00 \u2013 14: 00 a 17:30.&nbsp;<\/p>\n\n\n\n<p>FONO 977646534<\/p>\n\n\n\n<p><\/p>\n\n\n\n<p><\/p>\n\n\n\n<p><\/p>\n","protected":false},"excerpt":{"rendered":"<p>Requisitos y antecedentes: Padres, madres o tutores legales con un hijo menor de 18 a\u00f1os y con un porcentaje del 60% en su Registro Social de Hogares. Tr\u00e1mites en l\u00ednea:&nbsp;No tiene Tr\u00e1mites a realizar o etapas:&nbsp;&nbsp;&nbsp;&nbsp; Solicitar certificados de nacimiento (juntar documentos solicitados) . Dirijirse al depto social de la municipalidad para realizar el tr\u00e1mite. Valor:&nbsp;Gratis Lugar donde se realiza: DEPARTAMENTO SOCIAL -PINTOR ONOFRE JARPA N\u00b0 55,ALHU\u00c9e Informaci\u00f3n complementaria correo electronico secretariasocial@comunaalhue.cl social@comunaalhue.cl HORARIO Lunes a y Viernes 8:30 a 13:00 \u2013 14: 00 a 17:30.&nbsp; FONO 977646534<\/p>\n","protected":false},"author":1,"featured_media":0,"parent":0,"menu_order":0,"comment_status":"closed","ping_status":"closed","template":"","meta":{"footnotes":""},"class_list":["post-11430","page","type-page","status-publish","hentry"],"_links":{"self":[{"href":"https:\/\/municipalidadalhue.cl\/portal\/wp-json\/wp\/v2\/pages\/11430","targetHints":{"allow":["GET"]}}],"collection":[{"href":"https:\/\/municipalidadalhue.cl\/portal\/wp-json\/wp\/v2\/pages"}],"about":[{"href":"https:\/\/municipalidadalhue.cl\/portal\/wp-json\/wp\/v2\/types\/page"}],"author":[{"embeddable":true,"href":"https:\/\/municipalidadalhue.cl\/portal\/wp-json\/wp\/v2\/users\/1"}],"replies":[{"embeddable":true,"href":"https:\/\/municipalidadalhue.cl\/portal\/wp-json\/wp\/v2\/comments?post=11430"}],"version-history":[{"count":0,"href":"https:\/\/municipalidadalhue.cl\/portal\/wp-json\/wp\/v2\/pages\/11430\/revisions"}],"wp:attachment":[{"href":"https:\/\/municipalidadalhue.cl\/portal\/wp-json\/wp\/v2\/media?parent=11430"}],"curies":[{"name":"wp","href":"https:\/\/api.w.org\/{rel}","templated":true}]}}