{"id":11670,"date":"2019-03-13T14:05:56","date_gmt":"2019-03-13T14:05:56","guid":{"rendered":"https:\/\/municipalidadalhue.cl\/portal\/?page_id=11670"},"modified":"2020-06-17T03:51:15","modified_gmt":"2020-06-17T03:51:15","slug":"certificado-de-afectacion-o-utilidad-publica-o-no-expropiacion-y-o-certificado-de-numero","status":"publish","type":"page","link":"https:\/\/municipalidadalhue.cl\/portal\/certificado-de-afectacion-o-utilidad-publica-o-no-expropiacion-y-o-certificado-de-numero\/","title":{"rendered":"Certificado de afectaci\u00f3n o utilidad p\u00fablica (o no expropiaci\u00f3n) y\/o certificado de n\u00famero"},"content":{"rendered":"\n<p><strong>Requisitos\ny antecedentes:<\/strong><\/p>\n\n\n\n<ul class=\"wp-block-list\"><li>Formulario de Solicitud de Certificado de afectaci\u00f3n a utilidad P\u00fablica (o no expropiaci\u00f3n) y\/o certificado de Numero.<\/li><\/ul>\n\n\n\n<ul class=\"wp-block-list\"><li>Fotocopia de Dominio Vigente de la propiedad <\/li><\/ul>\n\n\n\n<ul class=\"wp-block-list\"><li>Certificado de Avalu\u00f3 fiscal actualizado de la propiedad.<\/li><\/ul>\n\n\n\n<p><strong>Tr\u00e1mites\nen l\u00ednea<\/strong><\/p>\n\n\n\n<p>No tiene<\/p>\n\n\n\n<p><strong>Tr\u00e1mites\na realizar o etapas<\/strong><\/p>\n\n\n\n<ul class=\"wp-block-list\"><li>Usuario solicita formulario en Direcci\u00f3n de Obras formulario para obtenci\u00f3n Certificado de no Expropiaci\u00f3n y \/ o Certificado de N\u00famero<\/li><li>Ingreso de Formulario completo, y Certificado de avalu\u00f3 Fiscal (Rol del S.I.I.) <\/li><li>Evaluaci\u00f3n de antecedentes y emisi\u00f3n del Certificado, previa cancelaci\u00f3n en el Depto. Adm. y Fzas, dentro de un plazo de 7 d\u00edas h\u00e1biles.<\/li><\/ul>\n\n\n\n<p><strong>Valor<\/strong><\/p>\n\n\n\n<p>0,05UTM, (seg\u00fan Ordenanza\nMunicipal)<\/p>\n\n\n\n<p><strong>Lugar\ndonde se realiza:<\/strong><\/p>\n\n\n\n<p>Direcci\u00f3n de Obras Municipales, Pintor Onofre Jarpa #55, I. Municipalidad de Alhu\u00e9, e-mail: dom@comunaalhue.cl, cel: +56977646518<\/p>\n","protected":false},"excerpt":{"rendered":"<p>Requisitos y antecedentes: Formulario de Solicitud de Certificado de afectaci\u00f3n a utilidad P\u00fablica (o no expropiaci\u00f3n) y\/o certificado de Numero. Fotocopia de Dominio Vigente de la propiedad Certificado de Avalu\u00f3 fiscal actualizado de la propiedad. Tr\u00e1mites en l\u00ednea No tiene Tr\u00e1mites a realizar o etapas Usuario solicita formulario en Direcci\u00f3n de Obras formulario para obtenci\u00f3n Certificado de no Expropiaci\u00f3n y \/ o Certificado de N\u00famero Ingreso de Formulario completo, y Certificado de avalu\u00f3 Fiscal (Rol del S.I.I.) Evaluaci\u00f3n de antecedentes y emisi\u00f3n del Certificado, previa cancelaci\u00f3n en el Depto. Adm.&hellip;<\/p>\n","protected":false},"author":1,"featured_media":0,"parent":0,"menu_order":0,"comment_status":"closed","ping_status":"closed","template":"","meta":{"footnotes":""},"class_list":["post-11670","page","type-page","status-publish","hentry"],"_links":{"self":[{"href":"https:\/\/municipalidadalhue.cl\/portal\/wp-json\/wp\/v2\/pages\/11670","targetHints":{"allow":["GET"]}}],"collection":[{"href":"https:\/\/municipalidadalhue.cl\/portal\/wp-json\/wp\/v2\/pages"}],"about":[{"href":"https:\/\/municipalidadalhue.cl\/portal\/wp-json\/wp\/v2\/types\/page"}],"author":[{"embeddable":true,"href":"https:\/\/municipalidadalhue.cl\/portal\/wp-json\/wp\/v2\/users\/1"}],"replies":[{"embeddable":true,"href":"https:\/\/municipalidadalhue.cl\/portal\/wp-json\/wp\/v2\/comments?post=11670"}],"version-history":[{"count":0,"href":"https:\/\/municipalidadalhue.cl\/portal\/wp-json\/wp\/v2\/pages\/11670\/revisions"}],"wp:attachment":[{"href":"https:\/\/municipalidadalhue.cl\/portal\/wp-json\/wp\/v2\/media?parent=11670"}],"curies":[{"name":"wp","href":"https:\/\/api.w.org\/{rel}","templated":true}]}}