{"id":11781,"date":"2019-03-13T18:47:11","date_gmt":"2019-03-13T18:47:11","guid":{"rendered":"https:\/\/municipalidadalhue.cl\/portal\/?page_id=11781"},"modified":"2020-06-17T05:54:09","modified_gmt":"2020-06-17T05:54:09","slug":"programa-de-traslado-pre-escolar","status":"publish","type":"page","link":"https:\/\/municipalidadalhue.cl\/portal\/programa-de-traslado-pre-escolar\/","title":{"rendered":"Programa de Traslado Pre-Escolar"},"content":{"rendered":"\n<p><strong>Requisitos y antecedentes:<\/strong><\/p>\n\n\n\n<p>Vivir en la comuna y contar con su R.S.H <\/p>\n\n\n\n<p> Estar matriculado en el jard\u00edn infantil Albalalalhue. <\/p>\n\n\n\n<p> ENTREVISTA CON LA ASISTENTE SOCIAL <\/p>\n\n\n\n<p><strong>Tr\u00e1mites en l\u00ednea<\/strong><\/p>\n\n\n\n<p>No tiene<\/p>\n\n\n\n<p><strong>Tr\u00e1mites a realizar o etapas:<\/strong><\/p>\n\n\n\n<p>Certificado de matr\u00edcula.\nDirigirse a la Ilustre Municipalidad de Alhu\u00e9, Depto Social. Oficina de\nvivienda<\/p>\n\n\n\n<p><strong>Valor<\/strong><\/p>\n\n\n\n<p>Gratuito<\/p>\n\n\n\n<p><strong>Lugar donde se realiza:<\/strong><\/p>\n\n\n\n<p>Departamento Social<\/p>\n\n\n\n<p><strong>Informaci\u00f3n complementaria<\/strong><\/p>\n\n\n\n<p>correo electronico<\/p>\n\n\n\n<p>secretariasocial@comunaalhue.cl<\/p>\n\n\n\n<p>social@comunaalhue.cl<\/p>\n\n\n\n<p>HORARIO Lunes a y Viernes 8:30 a 13:00 \u2013 14: 00 a 17:30.&nbsp;<\/p>\n\n\n\n<p>FONO 977646534<\/p>\n\n\n\n<div class=\"wp-block-file\"><a href=\"https:\/\/municipalidadalhue.cl\/portal\/wp-content\/uploads\/2020\/06\/Secreto-505-reglamento-de-entrega-de-ayudas-sociales-5.pdf\">Secreto-505-reglamento-de-entrega-de-ayudas-sociales-5<\/a><a href=\"https:\/\/municipalidadalhue.cl\/portal\/wp-content\/uploads\/2020\/06\/Secreto-505-reglamento-de-entrega-de-ayudas-sociales-5.pdf\" class=\"wp-block-file__button\" download>Descarga<\/a><\/div>\n\n\n\n<p><\/p>\n","protected":false},"excerpt":{"rendered":"<p>Requisitos y antecedentes: Vivir en la comuna y contar con su R.S.H Estar matriculado en el jard\u00edn infantil Albalalalhue. ENTREVISTA CON LA ASISTENTE SOCIAL Tr\u00e1mites en l\u00ednea No tiene Tr\u00e1mites a realizar o etapas: Certificado de matr\u00edcula. Dirigirse a la Ilustre Municipalidad de Alhu\u00e9, Depto Social. Oficina de vivienda Valor Gratuito Lugar donde se realiza: Departamento Social Informaci\u00f3n complementaria correo electronico secretariasocial@comunaalhue.cl social@comunaalhue.cl HORARIO Lunes a y Viernes 8:30 a 13:00 \u2013 14: 00 a 17:30.&nbsp; FONO 977646534<\/p>\n","protected":false},"author":1,"featured_media":0,"parent":0,"menu_order":0,"comment_status":"closed","ping_status":"closed","template":"","meta":{"footnotes":""},"class_list":["post-11781","page","type-page","status-publish","hentry"],"_links":{"self":[{"href":"https:\/\/municipalidadalhue.cl\/portal\/wp-json\/wp\/v2\/pages\/11781","targetHints":{"allow":["GET"]}}],"collection":[{"href":"https:\/\/municipalidadalhue.cl\/portal\/wp-json\/wp\/v2\/pages"}],"about":[{"href":"https:\/\/municipalidadalhue.cl\/portal\/wp-json\/wp\/v2\/types\/page"}],"author":[{"embeddable":true,"href":"https:\/\/municipalidadalhue.cl\/portal\/wp-json\/wp\/v2\/users\/1"}],"replies":[{"embeddable":true,"href":"https:\/\/municipalidadalhue.cl\/portal\/wp-json\/wp\/v2\/comments?post=11781"}],"version-history":[{"count":0,"href":"https:\/\/municipalidadalhue.cl\/portal\/wp-json\/wp\/v2\/pages\/11781\/revisions"}],"wp:attachment":[{"href":"https:\/\/municipalidadalhue.cl\/portal\/wp-json\/wp\/v2\/media?parent=11781"}],"curies":[{"name":"wp","href":"https:\/\/api.w.org\/{rel}","templated":true}]}}