{"id":11821,"date":"2019-03-14T15:27:06","date_gmt":"2019-03-14T15:27:06","guid":{"rendered":"https:\/\/municipalidadalhue.cl\/portal\/?page_id=11821"},"modified":"2019-03-14T15:36:15","modified_gmt":"2019-03-14T15:36:15","slug":"atencion-a-la-mujer","status":"publish","type":"page","link":"https:\/\/municipalidadalhue.cl\/portal\/atencion-a-la-mujer\/","title":{"rendered":"Atenci\u00f3n a la Mujer"},"content":{"rendered":"\n<p><strong>Requisitos y antecedentes:<\/strong><\/p>\n\n\n\n<p>Cedula de identidad Ser\nresidente de la Comuna, registro social de hogares Mujeres desde 18 a\u00f1os<\/p>\n\n\n\n<p><strong>Tr\u00e1mites en l\u00ednea<\/strong><\/p>\n\n\n\n<p>No tiene<\/p>\n\n\n\n<p><strong>Tr\u00e1mites a realizar o etapas:<\/strong><\/p>\n\n\n\n<p>Promover y fomentar la\nigualdad y la Equidad de g\u00e9nero. Orientaci\u00f3n, acompa\u00f1amiento, derivaci\u00f3n.<\/p>\n\n\n\n<p><strong>Valor<\/strong><\/p>\n\n\n\n<p>Gratuito<\/p>\n\n\n\n<p><strong>Lugar donde se realiza:<\/strong><\/p>\n\n\n\n<p>Oficina de Dideco Ilustre\nMunicipalidad de Alhue, Pintor Onofre Jarpa #55 Encargada Gabriela Hevia\nOficina.mujer@comunaalhue.cl<\/p>\n","protected":false},"excerpt":{"rendered":"<p>Requisitos y antecedentes: Cedula de identidad Ser residente de la Comuna, registro social de hogares Mujeres desde 18 a\u00f1os Tr\u00e1mites en l\u00ednea No tiene Tr\u00e1mites a realizar o etapas: Promover y fomentar la igualdad y la Equidad de g\u00e9nero. Orientaci\u00f3n, acompa\u00f1amiento, derivaci\u00f3n. Valor Gratuito Lugar donde se realiza: Oficina de Dideco Ilustre Municipalidad de Alhue, Pintor Onofre Jarpa #55 Encargada Gabriela Hevia Oficina.mujer@comunaalhue.cl<\/p>\n","protected":false},"author":1,"featured_media":0,"parent":0,"menu_order":0,"comment_status":"closed","ping_status":"closed","template":"","meta":{"footnotes":""},"class_list":["post-11821","page","type-page","status-publish","hentry"],"_links":{"self":[{"href":"https:\/\/municipalidadalhue.cl\/portal\/wp-json\/wp\/v2\/pages\/11821","targetHints":{"allow":["GET"]}}],"collection":[{"href":"https:\/\/municipalidadalhue.cl\/portal\/wp-json\/wp\/v2\/pages"}],"about":[{"href":"https:\/\/municipalidadalhue.cl\/portal\/wp-json\/wp\/v2\/types\/page"}],"author":[{"embeddable":true,"href":"https:\/\/municipalidadalhue.cl\/portal\/wp-json\/wp\/v2\/users\/1"}],"replies":[{"embeddable":true,"href":"https:\/\/municipalidadalhue.cl\/portal\/wp-json\/wp\/v2\/comments?post=11821"}],"version-history":[{"count":0,"href":"https:\/\/municipalidadalhue.cl\/portal\/wp-json\/wp\/v2\/pages\/11821\/revisions"}],"wp:attachment":[{"href":"https:\/\/municipalidadalhue.cl\/portal\/wp-json\/wp\/v2\/media?parent=11821"}],"curies":[{"name":"wp","href":"https:\/\/api.w.org\/{rel}","templated":true}]}}