{"id":11892,"date":"2019-03-14T17:54:21","date_gmt":"2019-03-14T17:54:21","guid":{"rendered":"https:\/\/municipalidadalhue.cl\/portal\/?page_id=11892"},"modified":"2019-03-14T17:54:24","modified_gmt":"2019-03-14T17:54:24","slug":"atencion-por-auge","status":"publish","type":"page","link":"https:\/\/municipalidadalhue.cl\/portal\/atencion-por-auge\/","title":{"rendered":"Atenci\u00f3n por AUGE"},"content":{"rendered":"\n<p><strong>Requisitos y antecedentes:<\/strong><\/p>\n\n\n\n<p>Es igual para todos porque no\ndiscrimina por edad, sexo, condici\u00f3n econ\u00f3mica, lugar de residencia o sistema\nde salud al que est\u00e9n afiliadas las personas. Una vez diagnosticado, el M\u00e9dico\ntratante definir\u00e1 (seg\u00fan el problema de Salud que sufra el beneficiario), si\ncorresponde su atenci\u00f3n en el mismo Establecimiento, derivaci\u00f3n a Especialista,\no tratamiento en otro Establecimiento.<\/p>\n\n\n\n<p><strong>Tr\u00e1mites en l\u00ednea<\/strong><\/p>\n\n\n\n<p>No tiene<\/p>\n\n\n\n<p><strong>Tr\u00e1mites a realizar o etapas:<\/strong><\/p>\n\n\n\n<p>AUGE es un Sistema Integral de\nSalud que beneficia a todos los chilenos y contempla todas las enfermedades,\nincluidas las m\u00e1s graves y de mayor costo, en sus diversas etapas.<\/p>\n\n\n\n<p><strong>Valor<\/strong><\/p>\n\n\n\n<p>Gratuito<\/p>\n\n\n\n<p><strong>Lugar donde se realiza:<\/strong><\/p>\n\n\n\n<p>Horario de Funcionamiento\nCESFAM y\/o Servicio de Urgencia Departamento de Salud<\/p>\n\n\n\n<p>Ilustre Municipalidad de Alhu\u00e9\nPintor Onofre Jarpa #55 Fono 562 28319296 <\/p>\n","protected":false},"excerpt":{"rendered":"<p>Requisitos y antecedentes: Es igual para todos porque no discrimina por edad, sexo, condici\u00f3n econ\u00f3mica, lugar de residencia o sistema de salud al que est\u00e9n afiliadas las personas. Una vez diagnosticado, el M\u00e9dico tratante definir\u00e1 (seg\u00fan el problema de Salud que sufra el beneficiario), si corresponde su atenci\u00f3n en el mismo Establecimiento, derivaci\u00f3n a Especialista, o tratamiento en otro Establecimiento. Tr\u00e1mites en l\u00ednea No tiene Tr\u00e1mites a realizar o etapas: AUGE es un Sistema Integral de Salud que beneficia a todos los chilenos y contempla todas las enfermedades, incluidas las&hellip;<\/p>\n","protected":false},"author":1,"featured_media":0,"parent":0,"menu_order":0,"comment_status":"closed","ping_status":"closed","template":"","meta":{"footnotes":""},"class_list":["post-11892","page","type-page","status-publish","hentry"],"_links":{"self":[{"href":"https:\/\/municipalidadalhue.cl\/portal\/wp-json\/wp\/v2\/pages\/11892","targetHints":{"allow":["GET"]}}],"collection":[{"href":"https:\/\/municipalidadalhue.cl\/portal\/wp-json\/wp\/v2\/pages"}],"about":[{"href":"https:\/\/municipalidadalhue.cl\/portal\/wp-json\/wp\/v2\/types\/page"}],"author":[{"embeddable":true,"href":"https:\/\/municipalidadalhue.cl\/portal\/wp-json\/wp\/v2\/users\/1"}],"replies":[{"embeddable":true,"href":"https:\/\/municipalidadalhue.cl\/portal\/wp-json\/wp\/v2\/comments?post=11892"}],"version-history":[{"count":0,"href":"https:\/\/municipalidadalhue.cl\/portal\/wp-json\/wp\/v2\/pages\/11892\/revisions"}],"wp:attachment":[{"href":"https:\/\/municipalidadalhue.cl\/portal\/wp-json\/wp\/v2\/media?parent=11892"}],"curies":[{"name":"wp","href":"https:\/\/api.w.org\/{rel}","templated":true}]}}