{"id":11896,"date":"2019-03-14T17:57:19","date_gmt":"2019-03-14T17:57:19","guid":{"rendered":"https:\/\/municipalidadalhue.cl\/portal\/?page_id=11896"},"modified":"2019-03-14T17:57:21","modified_gmt":"2019-03-14T17:57:21","slug":"inscripcion-usuarios-en-centro-de-salud","status":"publish","type":"page","link":"https:\/\/municipalidadalhue.cl\/portal\/inscripcion-usuarios-en-centro-de-salud\/","title":{"rendered":"Inscripci\u00f3n Usuarios en Centro de Salud"},"content":{"rendered":"\n<p><strong>Requisitos y antecedentes:<\/strong><\/p>\n\n\n\n<p>La inscripci\u00f3n de los\nusuarios(as) se debe realizar en CESFAM Villa Alhu\u00e9 &#8211; Ser beneficiario(a) del\nsistema p\u00fablico de Salud. Documento o copia que indique datos personales del\nusuario(a) a inscribir. (Se pueden acreditar con libreta de matrimonio, carne\nde identidad, certificados de nacimiento, pasaporte). Documento que acredite\ndomicilio del usuario(a) y su grupo familiar (Certificado de residencia, boleta\nde luz, agua, tel\u00e9fono, entre otros.)<\/p>\n\n\n\n<p><strong>Tr\u00e1mites en l\u00ednea<\/strong><\/p>\n\n\n\n<p>No tiene<\/p>\n\n\n\n<p><strong>Tr\u00e1mites a realizar o etapas:<\/strong><\/p>\n\n\n\n<p>Los Centros de Salud Familiar\n(Cesfam) realizan prestaciones orientados a la atenci\u00f3n de cada uno de los\nmiembros de las familias de la comuna, seg\u00fan la etapa del ciclo de vida en el\nque se encuentren. En nuestro Centro de Salud Familiar podr\u00e1 acceder a las\nPrestaciones B\u00e1sicas de Salud en Atenci\u00f3n Primaria, servicio al cual todos los\nciudadanos beneficiarios del sistema p\u00fablico de salud tienen, por Ley, derecho\na acceder.<\/p>\n\n\n\n<p><strong>Valor<\/strong><\/p>\n\n\n\n<p>Gratuito<\/p>\n\n\n\n<p><strong>Lugar donde se realiza:<\/strong><\/p>\n\n\n\n<p>Lunes a jueves 8-17hrs. viernes\n8-16hrs en SOME<\/p>\n\n\n\n<p>Departamento de Salud<\/p>\n\n\n\n<p>Ilustre Municipalidad de Alhu\u00e9\nPintor Onofre Jarpa #55 Fono 562 28319296 <\/p>\n","protected":false},"excerpt":{"rendered":"<p>Requisitos y antecedentes: La inscripci\u00f3n de los usuarios(as) se debe realizar en CESFAM Villa Alhu\u00e9 &#8211; Ser beneficiario(a) del sistema p\u00fablico de Salud. Documento o copia que indique datos personales del usuario(a) a inscribir. (Se pueden acreditar con libreta de matrimonio, carne de identidad, certificados de nacimiento, pasaporte). Documento que acredite domicilio del usuario(a) y su grupo familiar (Certificado de residencia, boleta de luz, agua, tel\u00e9fono, entre otros.) Tr\u00e1mites en l\u00ednea No tiene Tr\u00e1mites a realizar o etapas: Los Centros de Salud Familiar (Cesfam) realizan prestaciones orientados a la atenci\u00f3n&hellip;<\/p>\n","protected":false},"author":1,"featured_media":0,"parent":0,"menu_order":0,"comment_status":"closed","ping_status":"closed","template":"","meta":{"footnotes":""},"class_list":["post-11896","page","type-page","status-publish","hentry"],"_links":{"self":[{"href":"https:\/\/municipalidadalhue.cl\/portal\/wp-json\/wp\/v2\/pages\/11896","targetHints":{"allow":["GET"]}}],"collection":[{"href":"https:\/\/municipalidadalhue.cl\/portal\/wp-json\/wp\/v2\/pages"}],"about":[{"href":"https:\/\/municipalidadalhue.cl\/portal\/wp-json\/wp\/v2\/types\/page"}],"author":[{"embeddable":true,"href":"https:\/\/municipalidadalhue.cl\/portal\/wp-json\/wp\/v2\/users\/1"}],"replies":[{"embeddable":true,"href":"https:\/\/municipalidadalhue.cl\/portal\/wp-json\/wp\/v2\/comments?post=11896"}],"version-history":[{"count":0,"href":"https:\/\/municipalidadalhue.cl\/portal\/wp-json\/wp\/v2\/pages\/11896\/revisions"}],"wp:attachment":[{"href":"https:\/\/municipalidadalhue.cl\/portal\/wp-json\/wp\/v2\/media?parent=11896"}],"curies":[{"name":"wp","href":"https:\/\/api.w.org\/{rel}","templated":true}]}}