{"id":11900,"date":"2019-03-14T17:59:56","date_gmt":"2019-03-14T17:59:56","guid":{"rendered":"https:\/\/municipalidadalhue.cl\/portal\/?page_id=11900"},"modified":"2019-03-14T18:00:15","modified_gmt":"2019-03-14T18:00:15","slug":"oficina-oirs","status":"publish","type":"page","link":"https:\/\/municipalidadalhue.cl\/portal\/oficina-oirs\/","title":{"rendered":"Oficina OIRS"},"content":{"rendered":"\n<p><strong>Requisitos y antecedentes:<\/strong><\/p>\n\n\n\n<p>Ser usuario del Sistema de\nsalud P\u00fablico. Completar formulario con todos los campos solicitados. Adjuntar\nantecedentes del caso ( si corresponde)<\/p>\n\n\n\n<p><strong>Tr\u00e1mites en l\u00ednea<\/strong><\/p>\n\n\n\n<p>No tiene<\/p>\n\n\n\n<p><strong>Tr\u00e1mites a realizar o etapas:<\/strong><\/p>\n\n\n\n<p>Consiste en la expresi\u00f3n de un\nrequerimiento ciudadano, reclamo, felicitaci\u00f3n o sugerencia por parte de un\nusuario\/a del Sector P\u00fablico de Salud. Las solicitudes ciudadas se recepcionan\na trav\u00e9s de un formulario que est\u00e1 disponible en todas las oficinas de\nInformaciones de la Red de Salud Comunal. Existe un plazo estipulado por ley\npara responder al usuario\/a y que corresponde a 20 d\u00edas h\u00e1biles a contar del\ndia siguiente a la fecha de recepci\u00f3n.<\/p>\n\n\n\n<p><strong>Valor<\/strong><\/p>\n\n\n\n<p>Gratuito<\/p>\n\n\n\n<p><strong>Lugar donde se realiza:<\/strong><\/p>\n\n\n\n<p>Lunes a Juves 8-23 hrs.\nViernes 8-22hrs en OIRS<\/p>\n\n\n\n<p>Departamento de Salud<\/p>\n\n\n\n<p>Ilustre Municipalidad de Alhu\u00e9\nPintor Onofre Jarpa #55 Fono 562 28319296 <\/p>\n","protected":false},"excerpt":{"rendered":"<p>Requisitos y antecedentes: Ser usuario del Sistema de salud P\u00fablico. Completar formulario con todos los campos solicitados. Adjuntar antecedentes del caso ( si corresponde) Tr\u00e1mites en l\u00ednea No tiene Tr\u00e1mites a realizar o etapas: Consiste en la expresi\u00f3n de un requerimiento ciudadano, reclamo, felicitaci\u00f3n o sugerencia por parte de un usuario\/a del Sector P\u00fablico de Salud. Las solicitudes ciudadas se recepcionan a trav\u00e9s de un formulario que est\u00e1 disponible en todas las oficinas de Informaciones de la Red de Salud Comunal. Existe un plazo estipulado por ley para responder al&hellip;<\/p>\n","protected":false},"author":1,"featured_media":0,"parent":0,"menu_order":0,"comment_status":"closed","ping_status":"closed","template":"","meta":{"footnotes":""},"class_list":["post-11900","page","type-page","status-publish","hentry"],"_links":{"self":[{"href":"https:\/\/municipalidadalhue.cl\/portal\/wp-json\/wp\/v2\/pages\/11900","targetHints":{"allow":["GET"]}}],"collection":[{"href":"https:\/\/municipalidadalhue.cl\/portal\/wp-json\/wp\/v2\/pages"}],"about":[{"href":"https:\/\/municipalidadalhue.cl\/portal\/wp-json\/wp\/v2\/types\/page"}],"author":[{"embeddable":true,"href":"https:\/\/municipalidadalhue.cl\/portal\/wp-json\/wp\/v2\/users\/1"}],"replies":[{"embeddable":true,"href":"https:\/\/municipalidadalhue.cl\/portal\/wp-json\/wp\/v2\/comments?post=11900"}],"version-history":[{"count":0,"href":"https:\/\/municipalidadalhue.cl\/portal\/wp-json\/wp\/v2\/pages\/11900\/revisions"}],"wp:attachment":[{"href":"https:\/\/municipalidadalhue.cl\/portal\/wp-json\/wp\/v2\/media?parent=11900"}],"curies":[{"name":"wp","href":"https:\/\/api.w.org\/{rel}","templated":true}]}}