{"id":13965,"date":"2020-06-17T05:42:25","date_gmt":"2020-06-17T05:42:25","guid":{"rendered":"https:\/\/municipalidadalhue.cl\/portal\/?page_id=13965"},"modified":"2020-06-17T05:47:11","modified_gmt":"2020-06-17T05:47:11","slug":"materiales-de-construccion","status":"publish","type":"page","link":"https:\/\/municipalidadalhue.cl\/portal\/materiales-de-construccion\/","title":{"rendered":"Materiales de Construcci\u00f3n"},"content":{"rendered":"\n<p><strong>Requisitos y antecedentes:<\/strong><\/p>\n\n\n\n<p>Los requisitos para acceder a este tipo de ayuda son:<\/p>\n\n\n\n<ul class=\"wp-block-list\"><li>Vivir en la comuna y contar con Registro Social de Hogares.<\/li><li>En caso de ocurrir un siniestro, cat\u00e1strofe o enfermedad.<\/li><li>En caso de hacinamiento.<\/li><li>Deterioro visible de la vivienda.<\/li><li>El estado de salud de los miembros, en especial si son ni\u00f1os o ancianos, modif\u00edquese por El estado de salud de alg\u00fan miembro del grupo familiar, en especial si son ni\u00f1os o ancianos<\/li><\/ul>\n\n\n\n<p>\u201c<strong>Tr\u00e1mites en l\u00ednea<\/strong><\/p>\n\n\n\n<p>No tiene<\/p>\n\n\n\n<p><strong>Tr\u00e1mites a realizar o etapas:<\/strong><\/p>\n\n\n\n<p>Departamento Social entrevista con la Trabajadora Social<\/p>\n\n\n\n<p><strong>Valor<\/strong><\/p>\n\n\n\n<p>Gratuito<\/p>\n\n\n\n<p><strong>Lugar donde se realiza:<\/strong><\/p>\n\n\n\n<p>Dirigirse a la Ilustre Municipalidad de Alhu\u00e9, Depto Social.<\/p>\n\n\n\n<p><strong>Informaci\u00f3n complementaria<\/strong><\/p>\n\n\n\n<p>correo electronico<\/p>\n\n\n\n<p>secretariasocial@comunaalhue.cl<\/p>\n\n\n\n<p>social@comunaalhue.cl<\/p>\n\n\n\n<p>HORARIO Lunes a y Viernes 8:30 a 13:00 \u2013 14: 00 a 17:30.&nbsp;<\/p>\n\n\n\n<p>FONO 977646534<\/p>\n\n\n\n<div class=\"wp-block-file\"><a href=\"https:\/\/municipalidadalhue.cl\/portal\/wp-content\/uploads\/2020\/06\/Secreto-505-reglamento-de-entrega-de-ayudas-sociales-4.pdf\">Secreto-505-reglamento-de-entrega-de-ayudas-sociales-4<\/a><a href=\"https:\/\/municipalidadalhue.cl\/portal\/wp-content\/uploads\/2020\/06\/Secreto-505-reglamento-de-entrega-de-ayudas-sociales-4.pdf\" class=\"wp-block-file__button\" download>Descarga<\/a><\/div>\n\n\n\n<p><\/p>\n","protected":false},"excerpt":{"rendered":"<p>Requisitos y antecedentes: Los requisitos para acceder a este tipo de ayuda son: Vivir en la comuna y contar con Registro Social de Hogares. En caso de ocurrir un siniestro, cat\u00e1strofe o enfermedad. En caso de hacinamiento. Deterioro visible de la vivienda. El estado de salud de los miembros, en especial si son ni\u00f1os o ancianos, modif\u00edquese por El estado de salud de alg\u00fan miembro del grupo familiar, en especial si son ni\u00f1os o ancianos \u201cTr\u00e1mites en l\u00ednea No tiene Tr\u00e1mites a realizar o etapas: Departamento Social entrevista con la&hellip;<\/p>\n","protected":false},"author":1,"featured_media":0,"parent":0,"menu_order":0,"comment_status":"closed","ping_status":"closed","template":"","meta":{"footnotes":""},"class_list":["post-13965","page","type-page","status-publish","hentry"],"_links":{"self":[{"href":"https:\/\/municipalidadalhue.cl\/portal\/wp-json\/wp\/v2\/pages\/13965","targetHints":{"allow":["GET"]}}],"collection":[{"href":"https:\/\/municipalidadalhue.cl\/portal\/wp-json\/wp\/v2\/pages"}],"about":[{"href":"https:\/\/municipalidadalhue.cl\/portal\/wp-json\/wp\/v2\/types\/page"}],"author":[{"embeddable":true,"href":"https:\/\/municipalidadalhue.cl\/portal\/wp-json\/wp\/v2\/users\/1"}],"replies":[{"embeddable":true,"href":"https:\/\/municipalidadalhue.cl\/portal\/wp-json\/wp\/v2\/comments?post=13965"}],"version-history":[{"count":0,"href":"https:\/\/municipalidadalhue.cl\/portal\/wp-json\/wp\/v2\/pages\/13965\/revisions"}],"wp:attachment":[{"href":"https:\/\/municipalidadalhue.cl\/portal\/wp-json\/wp\/v2\/media?parent=13965"}],"curies":[{"name":"wp","href":"https:\/\/api.w.org\/{rel}","templated":true}]}}