{"id":213,"date":"2013-08-05T01:07:27","date_gmt":"2013-08-05T01:07:27","guid":{"rendered":"http:\/\/municipalidadalhue.cl\/portal\/?page_id=213"},"modified":"2024-12-09T18:28:53","modified_gmt":"2024-12-09T18:28:53","slug":"alcaldia","status":"publish","type":"page","link":"https:\/\/municipalidadalhue.cl\/portal\/alcaldia\/","title":{"rendered":"Alcald\u00eda"},"content":{"rendered":"<h3><a href=\"https:\/\/municipalidadalhue.cl\/portal\/wp-content\/uploads\/2024\/12\/ALCALDESA-1.jpg\"><img fetchpriority=\"high\" decoding=\"async\" class=\"alignnone wp-image-18714 size-medium\" src=\"https:\/\/municipalidadalhue.cl\/portal\/wp-content\/uploads\/2024\/12\/ALCALDESA-1-e1733768927311-241x365.jpg\" alt=\"\" width=\"241\" height=\"365\" srcset=\"https:\/\/municipalidadalhue.cl\/portal\/wp-content\/uploads\/2024\/12\/ALCALDESA-1-e1733768927311-241x365.jpg 241w, https:\/\/municipalidadalhue.cl\/portal\/wp-content\/uploads\/2024\/12\/ALCALDESA-1-e1733768927311-555x840.jpg 555w, https:\/\/municipalidadalhue.cl\/portal\/wp-content\/uploads\/2024\/12\/ALCALDESA-1-e1733768927311.jpg 720w\" sizes=\"(max-width: 241px) 100vw, 241px\" \/><\/a><\/h3>\n<h3>Marcela Chamorro Mac\u00edas<\/h3>\n<h3><span style=\"color: #000000;\"><strong>Alcaldesa Ilustre Municipalidad de Alhu\u00e9\u00a0<\/strong><\/span><\/h3>\n<h4><strong>Periodo 2024\/\/2028\u00a0 \u00a0 \u00a0 \u00a0 \u00a0 \u00a0 \u00a0 \u00a0 \u00a0 \u00a0 \u00a0 \u00a0\u00a0<\/strong><\/h4>\n<p>&nbsp;<\/p>\n<p>La Alcald\u00eda coordina la labor administrativa que deriva el funcionamiento de la gesti\u00f3n diaria de la Alcaldesa. Tambi\u00e9n debe coordinar el contenido, la forma y la oportunidad en que se entrega la informaci\u00f3n a la comunidad, tanto del punto de vista de las Relaciones P\u00fablicas, como de las comunicaciones.<\/p>\n<p>Tiene como objetivo apoyar el desarrollo de las actividades administrativas y protocolares de la Alcaldesa, adem\u00e1s de procurar el fluido desarrollo de las comunicaciones e informaciones entre el Municipio y la comunidad, cooperando con \u00e9sta y propendiendo a generar condiciones para la asociatividad municipal a nivel nacional e internacional.<\/p>\n<p>Estas son las funciones de la Alcald\u00eda:<\/p>\n<ul>\n<li>Colaborar en las actividades y situaciones que requieran el pronunciamiento o decisi\u00f3n directa de la Alcaldesa;<\/li>\n<li>Programar y coordinar las actividades administrativas y protocolares de apoyo directo al Alcalde, atendiendo su correspondencia oficial y personal;<\/li>\n<li>Administrar el sistema de comunicaciones interinstitucional y con la comunidad local;<\/li>\n<li>Administrar las tareas y funciones del Departamento de Cooperaci\u00f3n y Asociativismo;<\/li>\n<li>Cumplir en general, con todas aquellas funciones no especificadas que le encomiende la Alcaldesa.<\/li>\n<\/ul>\n<p><strong>Contacto: alcaldia@comunaalhue.cl\u00a0<\/strong><\/p>\n<p>Fono:\u00a0 +56977646500<\/p>\n","protected":false},"excerpt":{"rendered":"<p>Marcela Chamorro Mac\u00edas Alcaldesa Ilustre Municipalidad de Alhu\u00e9\u00a0 Periodo 2024\/\/2028\u00a0 \u00a0 \u00a0 \u00a0 \u00a0 \u00a0 \u00a0 \u00a0 \u00a0 \u00a0 \u00a0 \u00a0\u00a0 &nbsp; La Alcald\u00eda coordina la labor administrativa que deriva el funcionamiento de la gesti\u00f3n diaria de la Alcaldesa. Tambi\u00e9n debe coordinar el contenido, la forma y la oportunidad en que se entrega la informaci\u00f3n a la comunidad, tanto del punto de vista de las Relaciones P\u00fablicas, como de las comunicaciones. Tiene como objetivo apoyar el desarrollo de las actividades administrativas y protocolares de la Alcaldesa, adem\u00e1s de procurar el&hellip;<\/p>\n","protected":false},"author":1,"featured_media":0,"parent":0,"menu_order":0,"comment_status":"closed","ping_status":"open","template":"","meta":{"footnotes":""},"class_list":["post-213","page","type-page","status-publish","hentry"],"_links":{"self":[{"href":"https:\/\/municipalidadalhue.cl\/portal\/wp-json\/wp\/v2\/pages\/213","targetHints":{"allow":["GET"]}}],"collection":[{"href":"https:\/\/municipalidadalhue.cl\/portal\/wp-json\/wp\/v2\/pages"}],"about":[{"href":"https:\/\/municipalidadalhue.cl\/portal\/wp-json\/wp\/v2\/types\/page"}],"author":[{"embeddable":true,"href":"https:\/\/municipalidadalhue.cl\/portal\/wp-json\/wp\/v2\/users\/1"}],"replies":[{"embeddable":true,"href":"https:\/\/municipalidadalhue.cl\/portal\/wp-json\/wp\/v2\/comments?post=213"}],"version-history":[{"count":5,"href":"https:\/\/municipalidadalhue.cl\/portal\/wp-json\/wp\/v2\/pages\/213\/revisions"}],"predecessor-version":[{"id":18725,"href":"https:\/\/municipalidadalhue.cl\/portal\/wp-json\/wp\/v2\/pages\/213\/revisions\/18725"}],"wp:attachment":[{"href":"https:\/\/municipalidadalhue.cl\/portal\/wp-json\/wp\/v2\/media?parent=213"}],"curies":[{"name":"wp","href":"https:\/\/api.w.org\/{rel}","templated":true}]}}