{"id":227,"date":"2013-08-05T01:19:48","date_gmt":"2013-08-05T01:19:48","guid":{"rendered":"http:\/\/municipalidadalhue.cl\/portal\/?page_id=227"},"modified":"2026-01-05T15:18:23","modified_gmt":"2026-01-05T15:18:23","slug":"secplac","status":"publish","type":"page","link":"https:\/\/municipalidadalhue.cl\/portal\/secplac\/","title":{"rendered":"SECPLAC"},"content":{"rendered":"\t\t<div data-elementor-type=\"wp-page\" data-elementor-id=\"227\" class=\"elementor elementor-227\">\n\t\t\t\t\t\t\t<div class=\"elementor-element elementor-element-4eefe3c3 e-flex e-con-boxed e-con e-parent\" data-id=\"4eefe3c3\" data-element_type=\"container\" data-settings=\"{&quot;content_width&quot;:&quot;boxed&quot;}\" data-core-v316-plus=\"true\">\n\t\t\t\t\t<div class=\"e-con-inner\">\n\t\t\t\t<div class=\"elementor-element elementor-element-4c624ac elementor-widget elementor-widget-text-editor\" data-id=\"4c624ac\" data-element_type=\"widget\" data-widget_type=\"text-editor.default\">\n\t\t\t\t<div class=\"elementor-widget-container\">\n\t\t\t<style>\/*! elementor - v3.18.0 - 20-12-2023 *\/\n.elementor-widget-text-editor.elementor-drop-cap-view-stacked .elementor-drop-cap{background-color:#69727d;color:#fff}.elementor-widget-text-editor.elementor-drop-cap-view-framed .elementor-drop-cap{color:#69727d;border:3px solid;background-color:transparent}.elementor-widget-text-editor:not(.elementor-drop-cap-view-default) .elementor-drop-cap{margin-top:8px}.elementor-widget-text-editor:not(.elementor-drop-cap-view-default) .elementor-drop-cap-letter{width:1em;height:1em}.elementor-widget-text-editor .elementor-drop-cap{float:left;text-align:center;line-height:1;font-size:50px}.elementor-widget-text-editor .elementor-drop-cap-letter{display:inline-block}<\/style>\t\t\t\t<p><span style=\"font-weight: 400;\">La Secretar\u00eda Comunal de Planificaci\u00f3n y Coordinaci\u00f3n (SECPLAC) asesora al Alcalde y Concejo en todas las materias relacionadas a la planificaci\u00f3n comunal, en concordancia con los planes y programas del nivel central y regional.<\/span><\/p>\n<p><span style=\"font-weight: 400;\">Entre sus principales funciones est\u00e1n:&nbsp;<\/span><\/p>\n<ul>\n<li style=\"font-weight: 400;\"><span style=\"font-weight: 400;\">La implementaci\u00f3n de programas de mejoramiento de espacios p\u00fablicos.<\/span><\/li>\n<li style=\"font-weight: 400;\"><span style=\"font-weight: 400;\">Disminuir espacios eriazos que sean focos de delincuencia.<\/span><\/li>\n<li style=\"font-weight: 400;\"><span style=\"font-weight: 400;\">Fomentar la participaci\u00f3n ciudadana para dise\u00f1ar proyectos para las localidades.<\/span><\/li>\n<li style=\"font-weight: 400;\"><span style=\"font-weight: 400;\">Aumentar la accesibilidad y seguridad vial.<\/span><\/li>\n<li style=\"font-weight: 400;\"><span style=\"font-weight: 400;\">Mejorar la accesibilidad para personas en situaci\u00f3n de discapacidad.<\/span><\/li>\n<li style=\"font-weight: 400;\"><span style=\"font-weight: 400;\">Mejorar el acceso de la comunidad a servicios b\u00e1sicos.<\/span><\/li>\n<li style=\"font-weight: 400;\"><span style=\"font-weight: 400;\">Establecer un nexo entre las y los vecinos y las autoridades.&nbsp;<\/span><\/li>\n<li style=\"font-weight: 400;\"><span style=\"font-weight: 400;\">Mejorar la infraestructura y equipamiento p\u00fablico en la comuna.<\/span><\/li>\n<li style=\"font-weight: 400;\"><span style=\"font-weight: 400;\">Apoyar a las organizaciones sociales en la postulaci\u00f3n a proyectos.<\/span><\/li>\n<li style=\"font-weight: 400;\"><span style=\"font-weight: 400;\">Elaborar y hacer seguimiento al presupuesto municipal.<\/span><\/li>\n<li style=\"font-weight: 400;\"><span style=\"font-weight: 400;\">Elaboraci\u00f3n y revisar las licitaciones. <\/span><\/li>\n<\/ul>\n<p><b>Equipo<\/b><\/p>\n<p><span style=\"font-weight: 400;\">Direcci\u00f3n:&nbsp;<\/span><\/p>\n<p><span style=\"font-weight: 400;\"> Director. Correo: director.secplac@comunaalhue.cl<\/span><\/p>\n<p><span style=\"font-weight: 400;\">Arquitectos &#8211; Correo: arquitecto.secplac@comunaalhue.cl<\/span><\/p>\n<p><span style=\"font-weight: 400;\">T\u00e9cnico &#8211; Correo: arquitecto.secplac@comunaalhue.cl<\/span><\/p>\n<p><span style=\"font-weight: 400;\">Secretaria Secplac<\/span> <span style=\"font-weight: 400;\">: Consuelo Urbina &#8211; Correo: secplac@comunaalhue.cl<\/span><\/p>\n<p><span style=\"font-weight: 400;\">Apoyo administrativo<\/span> <span style=\"font-weight: 400;\">: Daisy Moya Correa&nbsp;<\/span><\/p>\n<p><span style=\"font-weight: 400;\">Tel\u00e9fono<\/span> <span style=\"font-weight: 400;\">:&nbsp;<\/span><\/p>\n<p>Celular: +56984498307, +56984498389<\/p>\t\t\t\t\t\t<\/div>\n\t\t\t\t<\/div>\n\t\t\t\t\t<\/div>\n\t\t\t\t<\/div>\n\t\t\t\t\t\t\t<\/div>\n\t\t","protected":false},"excerpt":{"rendered":"<p>La Secretar\u00eda Comunal de Planificaci\u00f3n y Coordinaci\u00f3n (SECPLAC) asesora al Alcalde y Concejo en todas las materias relacionadas a la planificaci\u00f3n comunal, en concordancia con los planes y programas del nivel central y regional. Entre sus principales funciones est\u00e1n:&nbsp; La implementaci\u00f3n de programas de mejoramiento de espacios p\u00fablicos. Disminuir espacios eriazos que sean focos de delincuencia. Fomentar la participaci\u00f3n ciudadana para dise\u00f1ar proyectos para las localidades. Aumentar la accesibilidad y seguridad vial. Mejorar la accesibilidad para personas en situaci\u00f3n de discapacidad. Mejorar el acceso de la comunidad a servicios b\u00e1sicos.&hellip;<\/p>\n","protected":false},"author":1,"featured_media":0,"parent":0,"menu_order":0,"comment_status":"closed","ping_status":"open","template":"","meta":{"footnotes":""},"class_list":["post-227","page","type-page","status-publish","hentry"],"_links":{"self":[{"href":"https:\/\/municipalidadalhue.cl\/portal\/wp-json\/wp\/v2\/pages\/227","targetHints":{"allow":["GET"]}}],"collection":[{"href":"https:\/\/municipalidadalhue.cl\/portal\/wp-json\/wp\/v2\/pages"}],"about":[{"href":"https:\/\/municipalidadalhue.cl\/portal\/wp-json\/wp\/v2\/types\/page"}],"author":[{"embeddable":true,"href":"https:\/\/municipalidadalhue.cl\/portal\/wp-json\/wp\/v2\/users\/1"}],"replies":[{"embeddable":true,"href":"https:\/\/municipalidadalhue.cl\/portal\/wp-json\/wp\/v2\/comments?post=227"}],"version-history":[{"count":7,"href":"https:\/\/municipalidadalhue.cl\/portal\/wp-json\/wp\/v2\/pages\/227\/revisions"}],"predecessor-version":[{"id":20733,"href":"https:\/\/municipalidadalhue.cl\/portal\/wp-json\/wp\/v2\/pages\/227\/revisions\/20733"}],"wp:attachment":[{"href":"https:\/\/municipalidadalhue.cl\/portal\/wp-json\/wp\/v2\/media?parent=227"}],"curies":[{"name":"wp","href":"https:\/\/api.w.org\/{rel}","templated":true}]}}