{"id":238,"date":"2013-08-05T01:27:18","date_gmt":"2013-08-05T01:27:18","guid":{"rendered":"http:\/\/municipalidadalhue.cl\/portal\/?page_id=238"},"modified":"2024-12-04T19:57:26","modified_gmt":"2024-12-04T19:57:26","slug":"secretaria-municipal","status":"publish","type":"page","link":"https:\/\/municipalidadalhue.cl\/portal\/secretaria-municipal\/","title":{"rendered":"Secretar\u00eda Municipal"},"content":{"rendered":"<p>&nbsp;<\/p>\n<table style=\"height: 86px;\" width=\"388\">\n<tbody>\n<tr>\n<td><strong>Directora(s):\u00a0<\/strong><\/td>\n<td>Mar\u00eda Eugenia Alarc\u00f3n<\/td>\n<\/tr>\n<tr>\n<td><strong>Secretaria:<\/strong><\/td>\n<td>Nuryth Moreno<\/td>\n<\/tr>\n<\/tbody>\n<\/table>\n<p><strong>Tel\u00e9fono:<\/strong><br \/>\n<strong>E-mail:\u00a0\u00a0<\/strong>secretaria@comunaalhue.cl<\/p>\n<p><span style=\"color: #003366; font-size: inherit; text-align: justify;\">Tiene por objetivo dirigir las actividades de la Secretar\u00eda Administrativa del Alcalde y del Concejo, y desempe\u00f1arse como Ministro de Fe en todas las actuaciones municipales.<\/span><\/p>\n<div class=\"entry-content\">\n<div class=\"entry-content\">\n<p style=\"text-align: justify;\"><span style=\"color: #003366;\">A la Secretar\u00eda Municipal le corresponden las siguientes funciones espec\u00edficas:<\/span><\/p>\n<ul>\n<li><span style=\"color: #003366;\">Servir de Secretar\u00eda Administrativa del Alcalde y del Concejo Municipal.<\/span><\/li>\n<li><span style=\"color: #003366;\">Confeccionar los decretos y resoluciones para ser suscritos por el Alcalde, salvo aquellos que por versar sobre materias t\u00e9cnicas espec\u00edficas, su confecci\u00f3n est\u00e1 radicada en la unidad de origen.<\/span><\/li>\n<li><span style=\"color: #003366;\">Certificar que las copias son fieles a los originales de los decretos, reglamentos, ordenanzas y resoluciones municipales.<\/span><\/li>\n<li><span style=\"color: #003366;\">Llevar el archivo de todos los documentos antes indicados.<\/span><\/li>\n<li><span style=\"color: #003366;\">Cumplir las funciones que le asigna la Ley N\u00ba 19.418, sobre Juntas de Vecinos y dem\u00e1s organizaciones comunitarias.<\/span><\/li>\n<li><span style=\"color: #003366;\">Recibir los antecedentes sobre construcci\u00f3n de nuevas organizaciones comunitarias que soliciten su inscripci\u00f3n en el Registro de Organizaciones Comunitarias que de conformidad a la Ley N\u00ba 19.418 lleva la Secretar\u00eda Municipal, para proceder a su inscripci\u00f3n y la obtenci\u00f3n de la personalidad jur\u00eddica.<\/span><\/li>\n<li><span style=\"color: #003366;\">Preparar los documentos que den respuesta a las organizaciones, ya sea inform\u00e1ndoles de la conformidad de los antecedentes que avalaron su inscripci\u00f3n o detall\u00e1ndoles las observaciones que deben subsanar para que la personalidad jur\u00eddica obtenida quede a firme.<\/span><\/li>\n<li><span style=\"color: #003366;\">Incorporar al Registro de Organizaciones Comunitarias, todas las modificaciones que las entidades inscritas hagan a sus estatutos, directivas, n\u00f3minas de socio y otros antecedentes que por disposici\u00f3n legal las organizaciones deben informar a la Secretar\u00eda Municipal para mantener actualizados sus antecedentes y plenamente vigente su personalidad jur\u00eddica. \u00a0Caducar las que no funcionen.<\/span><\/li>\n<li><span style=\"color: #003366;\">Supervisar el constante flujo, control, archivo y conservaci\u00f3n de la documentaci\u00f3n oficial que ingresa y egresa de la Municipalidad, proporcionando en forma r\u00e1pida y expedita la informaci\u00f3n que se requiera para la actividad municipal.<\/span><\/li>\n<li><span style=\"color: #003366;\">Tener a su cargo el tr\u00e1mite de ingresos, clasificaci\u00f3n y distribuci\u00f3n de la correspondencia oficial y mantener archivos actualizados de la documentaci\u00f3n recibida y despachada por la Municipalidad.<\/span><\/li>\n<li><span style=\"color: #003366;\">Efectuar el control de la tramitaci\u00f3n de la documentaci\u00f3n oficial interna y externa de la Municipalidad.<\/span><\/li>\n<li><span style=\"color: #003366;\">Actuar como Ministro de Fe en todas las actuaciones Municipales.<\/span><\/li>\n<li><span style=\"color: #003366;\">Desarrollar las actividades espec\u00edficas que le asigna la Ley Org\u00e1nica Constitucional de Municipalidades, en relaci\u00f3n a la constituci\u00f3n y funcionamiento del Concejo Municipal.<\/span><\/li>\n<li><span style=\"color: #003366;\">Preparar las convocatorias a las sesiones del Concejo y velar por su oportuno despacho a los se\u00f1ores concejales.<\/span><\/li>\n<li><span style=\"color: #003366;\">Confeccionar las actas de las sesiones del Concejo.<\/span><\/li>\n<li><span style=\"color: #003366;\">Llevar un registro con todos los acuerdos del Concejo y de la documentaci\u00f3n que sale y llega a \u00e9ste.<\/span><\/li>\n<li><span style=\"color: #003366;\">Recibir, mantener y tramitar cuando corresponda, la declaraci\u00f3n de intereses establecidos por la ley N\u00ba 18.575.<\/span><\/li>\n<li><span style=\"color: #003366;\">Cumplir con las dem\u00e1s funciones que el Alcalde le asigne de acuerdo a la naturaleza de sus funciones, que est\u00e9n dentro del marco legal y que no sea de aquellas que la ley asigna a otras unidades.<\/span><\/li>\n<\/ul>\n<\/div>\n<\/div>\n","protected":false},"excerpt":{"rendered":"<p>&nbsp; Directora(s):\u00a0 Mar\u00eda Eugenia Alarc\u00f3n Secretaria: Nuryth Moreno Tel\u00e9fono: E-mail:\u00a0\u00a0secretaria@comunaalhue.cl Tiene por objetivo dirigir las actividades de la Secretar\u00eda Administrativa del Alcalde y del Concejo, y desempe\u00f1arse como Ministro de Fe en todas las actuaciones municipales. A la Secretar\u00eda Municipal le corresponden las siguientes funciones espec\u00edficas: Servir de Secretar\u00eda Administrativa del Alcalde y del Concejo Municipal. Confeccionar los decretos y resoluciones para ser suscritos por el Alcalde, salvo aquellos que por versar sobre materias t\u00e9cnicas espec\u00edficas, su confecci\u00f3n est\u00e1 radicada en la unidad de origen. Certificar que las copias son&hellip;<\/p>\n","protected":false},"author":1,"featured_media":6750,"parent":0,"menu_order":0,"comment_status":"closed","ping_status":"open","template":"","meta":{"footnotes":""},"class_list":["post-238","page","type-page","status-publish","has-post-thumbnail","hentry"],"_links":{"self":[{"href":"https:\/\/municipalidadalhue.cl\/portal\/wp-json\/wp\/v2\/pages\/238","targetHints":{"allow":["GET"]}}],"collection":[{"href":"https:\/\/municipalidadalhue.cl\/portal\/wp-json\/wp\/v2\/pages"}],"about":[{"href":"https:\/\/municipalidadalhue.cl\/portal\/wp-json\/wp\/v2\/types\/page"}],"author":[{"embeddable":true,"href":"https:\/\/municipalidadalhue.cl\/portal\/wp-json\/wp\/v2\/users\/1"}],"replies":[{"embeddable":true,"href":"https:\/\/municipalidadalhue.cl\/portal\/wp-json\/wp\/v2\/comments?post=238"}],"version-history":[{"count":1,"href":"https:\/\/municipalidadalhue.cl\/portal\/wp-json\/wp\/v2\/pages\/238\/revisions"}],"predecessor-version":[{"id":18703,"href":"https:\/\/municipalidadalhue.cl\/portal\/wp-json\/wp\/v2\/pages\/238\/revisions\/18703"}],"wp:featuredmedia":[{"embeddable":true,"href":"https:\/\/municipalidadalhue.cl\/portal\/wp-json\/wp\/v2\/media\/6750"}],"wp:attachment":[{"href":"https:\/\/municipalidadalhue.cl\/portal\/wp-json\/wp\/v2\/media?parent=238"}],"curies":[{"name":"wp","href":"https:\/\/api.w.org\/{rel}","templated":true}]}}