{"id":3528,"date":"2014-12-09T15:11:51","date_gmt":"2014-12-09T15:11:51","guid":{"rendered":"http:\/\/municipalidadalhue.cl\/portal\/?page_id=3528"},"modified":"2025-10-30T19:25:15","modified_gmt":"2025-10-30T19:25:15","slug":"oficina-de-medio-ambiente","status":"publish","type":"page","link":"https:\/\/municipalidadalhue.cl\/portal\/oficina-de-medio-ambiente\/","title":{"rendered":"Oficina de Medio Ambiente"},"content":{"rendered":"<h2><span style=\"color: #003366;\">Qui\u00e9nes<strong>\u00a0Somos:<\/strong><\/span><\/h2>\n<table style=\"height: 70px;\" width=\"735\">\n<tbody>\n<tr>\n<td><strong>Encargada\u00a0 Medio Ambiente\u00a0<\/strong><\/p>\n<p>Catalina Astudillo Valdivia<\/td>\n<td><\/td>\n<td>Medioambiente@comunaalhue.cl<\/td>\n<td><strong><span style=\"color: #003366;\">Fono<\/span>:\u00a0 +56977646508<\/strong><\/td>\n<\/tr>\n<\/tbody>\n<\/table>\n<h2><\/h2>\n<h2><span style=\"color: #003366;\">Qu\u00e9<strong>\u00a0hacemos:<\/strong><\/span><\/h2>\n<p style=\"text-align: justify;\">La oficina de Medio ambiente tiene como principal misi\u00f3n el fortalecimiento de la gesti\u00f3n ambiental municipal para contribuir al mejoramiento de la calidad\u00a0de vida de los habitantes de la comuna, por medio de la protecci\u00f3n del patrimonio natural con buenas pr\u00e1cticas ambientales. Trabajando con respeto, compromiso y equidad\u00a0para desarrollar un trabajo conjunto entre la comunidad local y municipio.<\/p>\n<p style=\"text-align: justify;\">Cuya visi\u00f3n se enmarca en ser una comuna m\u00e1s participativa, que valore y conserve su patrimonio y tradiciones locales con respeto a sus vecinos y al medio ambiente del que son parte. Informada para\u00a0enfrentar de mejor manera las problem\u00e1ticas socio-ambientales, con una comunidad m\u00e1s organizada y un Municipio canalizador<\/p>\n<p><span style=\"color: #003366;\"><strong>Funciones<\/strong><\/span><\/p>\n<ul>\n<li style=\"list-style-type: none;\">\n<ul>\n<li>\n<ul>\n<li>Asesorar al Alcalde en todas las materias ambientales comunales.<\/li>\n<li>Actuar como secretar\u00eda t\u00e9cnica del Comit\u00e9 Ambiental Municipal, CAM.<\/li>\n<li>Conducir y apoyar, en conjunto con el Comit\u00e9 Ambiental Comunal, CAC, el desarrollo, implementaci\u00f3n y\/o redise\u00f1o de la estrategia comunal ambiental.<\/li>\n<li>Desarrollar e implementar programas y proyectos para la gesti\u00f3n ambiental local (GAL).<\/li>\n<li>Ejercer el rol coordinador entre el municipio y otros organismos p\u00fablicos y\/o privados.<\/li>\n<li>Desarrollar e implementar un programa de difusi\u00f3n ambiental con contenido educativo.<\/li>\n<li>Desarrollar e implementar al interior de la estructura municipal un programa de capacitaci\u00f3n y educaci\u00f3n<\/li>\n<li>Desarrollar e implementar y\/o aplicar sistema de indicadores estrat\u00e9gicos de gesti\u00f3n ambiental.<\/li>\n<li>Desarrollar mecanismos de prevenci\u00f3n de riesgos medioambientales, en coordinaci\u00f3n con otros organismos atingentes en el tema.<\/li>\n<li>Fiscalizar o desarrollar acciones de control territorial sobre el estado del medio ambiente construido, social y natural.<\/li>\n<li>Realizar estudios y emitir opini\u00f3n t\u00e9cnica en materias de desarrollo sustentable comunal, ordenamiento territorial ambiental, plan regulador, estudios de impacto ambiental y declaraciones ambientales a desarrollarse en la comuna.<\/li>\n<\/ul>\n<p><span style=\"color: #0000ff;\"><strong>L\u00edneas Estrat\u00e9gicas: <\/strong><\/span><\/p>\n<ol>\n<li>Fortalecer la Institucionalidad Ambiental Comunal<\/li>\n<li>Fortalecer la educaci\u00f3n conocimiento valoraci\u00f3n y puesta en valor del patrimonio local y el cuidado del medio ambiente<\/li>\n<li>Mejorar la gesti\u00f3n de residuos s\u00f3lidos domiciliarios<\/li>\n<li>Fomentar la Conservaci\u00f3n de la naturaleza<\/li>\n<\/ol>\n<\/li>\n<\/ul>\n<\/li>\n<\/ul>\n","protected":false},"excerpt":{"rendered":"<p>Qui\u00e9nes\u00a0Somos: Encargada\u00a0 Medio Ambiente\u00a0 Catalina Astudillo Valdivia Medioambiente@comunaalhue.cl Fono:\u00a0 +56977646508 Qu\u00e9\u00a0hacemos: La oficina de Medio ambiente tiene como principal misi\u00f3n el fortalecimiento de la gesti\u00f3n ambiental municipal para contribuir al mejoramiento de la calidad\u00a0de vida de los habitantes de la comuna, por medio de la protecci\u00f3n del patrimonio natural con buenas pr\u00e1cticas ambientales. Trabajando con respeto, compromiso y equidad\u00a0para desarrollar un trabajo conjunto entre la comunidad local y municipio. Cuya visi\u00f3n se enmarca en ser una comuna m\u00e1s participativa, que valore y conserve su patrimonio y tradiciones locales con respeto&hellip;<\/p>\n","protected":false},"author":1,"featured_media":0,"parent":0,"menu_order":0,"comment_status":"closed","ping_status":"closed","template":"","meta":{"footnotes":""},"class_list":["post-3528","page","type-page","status-publish","hentry"],"_links":{"self":[{"href":"https:\/\/municipalidadalhue.cl\/portal\/wp-json\/wp\/v2\/pages\/3528","targetHints":{"allow":["GET"]}}],"collection":[{"href":"https:\/\/municipalidadalhue.cl\/portal\/wp-json\/wp\/v2\/pages"}],"about":[{"href":"https:\/\/municipalidadalhue.cl\/portal\/wp-json\/wp\/v2\/types\/page"}],"author":[{"embeddable":true,"href":"https:\/\/municipalidadalhue.cl\/portal\/wp-json\/wp\/v2\/users\/1"}],"replies":[{"embeddable":true,"href":"https:\/\/municipalidadalhue.cl\/portal\/wp-json\/wp\/v2\/comments?post=3528"}],"version-history":[{"count":1,"href":"https:\/\/municipalidadalhue.cl\/portal\/wp-json\/wp\/v2\/pages\/3528\/revisions"}],"predecessor-version":[{"id":19968,"href":"https:\/\/municipalidadalhue.cl\/portal\/wp-json\/wp\/v2\/pages\/3528\/revisions\/19968"}],"wp:attachment":[{"href":"https:\/\/municipalidadalhue.cl\/portal\/wp-json\/wp\/v2\/media?parent=3528"}],"curies":[{"name":"wp","href":"https:\/\/api.w.org\/{rel}","templated":true}]}}